s 10 + -111111?
-111101
In base 15, what is 1b6 + 5?
1bb
In base 6, what is 4 - 221?
-213
In base 15, what is -193 - 1b?
-1ae
In base 10, what is -126 - -3?
-123
In base 3, what is 1 - 210?
-202
In base 7, what is -445 + -52?
-530
In base 8, what is 27531 + -4?
27525
In base 14, what is 4 - -6a3?
6a7
In base 3, what is 200012 - 2?
200010
In base 12, what is 37 + -3?
34
In base 14, what is -3d - -17?
-26
In base 10, what is -806 + 2?
-804
In base 8, what is 11 - 7?
2
In base 9, what is -103 - 57?
-161
In base 11, what is 9 - -22?
30
In base 12, what is -34 + -5?
-39
In base 10, what is 6 - 229?
-223
In base 13, what is 9 + -61?
-55
In base 16, what is -1 - 43?
-44
In base 3, what is -20021 + 12?
-20002
In base 3, what is 2011 - -20?
2101
In base 3, what is 212101 - -11?
212112
In base 16, what is -bf + -1?
-c0
In base 5, what is -30003 - 2?
-30010
In base 12, what is -a - -24?
16
In base 3, what is 1121 - 2?
1112
In base 13, what is 2 + -3a1?
-39c
In base 9, what is -5 - -71?
65
In base 11, what is 29a3 + -2?
29a1
In base 2, what is -101 - -1101100010?
1101011101
In base 11, what is 5 - 27aa?
-27a5
In base 4, what is -2001 - -30?
-1311
In base 14, what is -90 + 4?
-8a
In base 6, what is 4 - 43?
-35
In base 12, what is 171 - -5?
176
In base 14, what is -3370 + 1?
-336d
In base 9, what is -1 + -574?
-575
In base 8, what is 23 + -50?
-25
In base 15, what is -e - 0?
-e
In base 7, what is 26 + -20?
6
In base 12, what is -8a - 5b?
-129
In base 13, what is 2 + 813?
815
In base 5, what is 12240 - 0?
12240
In base 6, what is 215153 - 2?
215151
In base 14, what is b8 - -3?
bb
In base 7, what is -53 + 10?
-43
In base 10, what is 23 - -33?
56
In base 5, what is -1222 + -12?
-1234
In base 5, what is -10 - -303?
243
In base 14, what is -3 + -390?
-393
In base 16, what is -27 - 8?
-2f
In base 6, what is -1 + -123?
-124
In base 6, what is 32 + -2?
30
In base 11, what is -1522 - 0?
-1522
In base 4, what is -13 + 2?
-11
In base 15, what is -21 - 1a0?
-1c1
In base 6, what is -54 - -44?
-10
In base 3, what is 121012 - -10?
121022
In base 2, what is -110010010010 + -100?
-110010010110
In base 15, what is 40 - 0?
40
In base 4, what is -11 - 123313?
-123330
In base 4, what is -2 + 1231?
1223
In base 7, what is 16353 + 0?
16353
In base 9, what is 6 - -15?
22
In base 16, what is 5 - -2eb?
2f0
In base 12, what is 5 - 554?
-54b
In base 9, what is -32 + -25?
-57
In base 8, what is -4 + 171?
165
In base 6, what is 2415 + -10?
2405
In base 4, what is -2 - 1010300?
-1010302
In base 4, what is -110 - -11000?
10230
In base 9, what is -4 + 1867?
1863
In base 5, what is -4 - 32322?
-32331
In base 2, what is 10111 - -10001?
101000
In base 4, what is 2 - -200120?
200122
In base 5, what is 2 + 20412?
20414
In base 2, what is -10011110100 - 101?
-10011111001
In base 7, what is -26043 + 0?
-26043
In base 16, what is -9 - 6?
-f
In base 3, what is -1101021002 - 0?
-1101021002
In base 14, what is -c9 + -4?
-cd
In base 11, what is 1 - 30?
-2a
In base 10, what is -13 - 850?
-863
In base 5, what is 124 + -202?
-23
In base 13, what is 1 - -c8b?
c8c
In base 11, what is 294 + 72?
356
In base 6, what is -2 + -4325?
-4331
In base 14, what is 6 + c?
14
In base 8, what is -4 - 10?
-14
In base 9, what is -3 - 56?
-60
In base 4, what is -1 - 120?
-121
In base 10, what is 55 - -21?
76
In base 14, what is 139 + 56?
191
In base 4, what is -123023 - 10?
-123033
In base 16, what is -6d1 + -4?
-6d5
In base 13, what is 607 - -9?
613
In base 12, what is -4 + 62?
5a
In base 10, what is 515 - 22?
493
In base 10, what is 0 + 150?
150
In base 13, what is b2 - -1?
b3
In base 8, what is 0 - 342?
-342
In base 11, what is -1 + 249?
248
In base 5, what is -21 - 24140?
-24211
In base 15, what is -1 + 2ab4?
2ab3
In base 15, what is 1 - 11?
-10
In base 11, what is -27 + -3?
-2a
In base 14, what is -10 - 3?
-13
In base 7, what is -44 + -1?
-45
In base 6, what is -45214 + -1?
-45215
In base 8, what is -166 + -2?
-170
In base 16, what is 4e + 2?
50
In base 8, what is 114 - 25?
67
In base 9, what is -2 + 52?
50
In base 6, what is 1 - -3333?
3334
In base 2, what is 100 + 1110?
10010
In base 5, what is 30 - -20?
100
In base 16, what is b35 - 11?
b24
In base 6, what is 243 - -3?
250
In base 11, what is -6 + -614?
-61a
In base 5, what is -2 - -1103?
1101
In base 9, what is -587 - -5?
-582
In base 7, what is 15 - 54?
-36
In base 7, what is 4 + -16?
-12
In base 8, what is 166 + -14?
152
In base 2, what is -100 - 101100?
-110000
In base 7, what is -3604 - -4?
-3600
In base 16, what is -3 + 2a6?
2a3
In base 13, what is 35 - 1b?
17
In base 11, what is 192 - -10?
1a2
In base 7, what is 421 - -2?
423
In base 2, what is 10111011111 - 10?
10111011101
In base 15, what is -1 - 670?
-671
In base 16, what is -1e + -23?
-41
In base 12, what is 0 - -62?
62
In base 9, what is 0 + 3732?
3732
In base 7, what is -11452 + -2?
-11454
In base 3, what is -100 + 120121?
120021
In base 5, what is 213 - -4?
222
In base 8, what is -14 - -13?
-1
In base 14, what is -9 + -292?
-29b
In base 15, what is 159 - 89?
c0
In base 7, what is 531 + -2?
526
In base 12, what is -12aa1 - -1?
-12aa0
In base 4, what is 30 - -233?
323
In base 5, what is -21400 - 4?
-21404
In base 9, what is -3 - -175?
172
In base 7, what is 106 + 62?
201
In base 14, what is 461 + 4?
465
In base 2, what is 10101010000 + -11?
10101001101
In base 8, what is -2610 + -3?
-2613
In base 4, what is -1200330 - -10?
-1200320
In base 4, what is 23 - -112?
201
In base 12, what is 49 - -55?
a2
In base 15, what is -133 + -2?
-135
In base 13, what is 1 + -14?
-13
In base 9, what is 5 - -3?
8
In base 6, what is 33 + -124?
-51
In base 3, what is 2 + -2?
0
In base 16, what is 6 - -16?
1c
In base 5, what is 43 + -14?
24
In base 16, what is -1d - -102?
e5
In base 3, what is -20 - 20022?
-20112
In base 10, what is 5 + 1287?
1292
In base 6, what is -132 + 31?
-101
In base 14, what is -d5 - -4?
-d1
In base 15, what is 1 - -103?
104
In base 7, what is 2650 + 0?
2650
In base 2, what is 101111101011 - -11?
101111101110
In base 3, what is 202210011 + 2?
202210020
In base 12, what is -5 - 5ba?
-603
In base 12, what is 3 - 80?
-79
In base 9, what is 206 + 3?
210
In base 8, what is -1 - 263?
-264
In base 3, what is -2 - -22111?
22102
In base 8, what is 21 + -7?
12
In base 7, what is 3 + 252?
255
In base 6, what is 422 - 2?
420
In base 16, what is -8 + -5?
-d
In base 13, what is 9 - -23?
2c
In base 2, what is -111000110 - -10?
-111000100
In base 14, what is -a + 9?
-1
In base 16, what is -1 + 25?
24
In base 4, what is 121313 + 10?
121323
In base 8, what is -3 - 2?
-5
In base 9, what is -1 + -303?
-304
In base 11, what is 27 + -a?
18
In base 12, what is 1b7 - -5?
200
In base 6, what is -53 - 1?
-54
In base 3, what is 20 - -1220?
2010
In base 12, what is -3313 - 0?
-3313
In base 12, what is -25 - -27?
2
In base 5, what is 4 + 1114?
1123
In base 5, what is 1104 + -131?
423
In base 11, what is -10 + 277?
267
In base 12, what is -177a3 - 0?
-177a3
In base 8, what is 442 - -40?
502
In base 15, what is -63 + ab?
48
In base 7, what is 0 - 143?
-143
In base 5, what is -2 + 1?
-1
In base 8, what is -27 + -515?
-544
In base 12, what is b - -b?
1a
In base 3, what is 100 - 10100?
-10000
In base 5, what is -1 + -1221?
-1222
In base 9, what is -62 - -18?
-43
In base 3, what is -120221 + 10?
-120211
In base 5, what is 1 + 233?
234
In base 5, what is -3 - -2433?
2430
In base 6, what is 5 + 30?
35
In base 9, what is -671 + -21?
-702
In base 13, what is 3 - 37?
-34
In base 4, what is -331 + -11?
-1002
In base 7, what is -2 - -255?
253
In base 3, what is 0 + -2000?
-2000
In base 12, what is -3 - a9?
-b0
In base 12, what is 6 - -500?
506
In base 10, what is -44 + -6?
-50
In base 6, what is -2340 + 1?
-2335
In base 2, what is -1001001 - 1?
-1001010
In base 15, what is 922 + -5?
91c
In base 12, what is 5 - 78?
-73
In base 3, what is -100 - -10012?
2212
In base 15, what is 1 - -6a8?
6a9
In base 3, what is -10022 + -2?
-10101
In base 13, what is c + 60?
6c
In base 6, what is -1 - -22?
21
In base 2, what is -1100001100000 + -101?
-1100001100101
In base 11, what is -53 - 71?
-114
In base 5, what is -2222 - -2?
-2220
In base 8, what is 21647 + -2?
21645
In base 8, what is 300 - -1?
301
In base 14, what is 4 - -561?
565
In base 10, what is 